= -3*h - 31, 3*t + 3*h - 3 = 0. What is d(t)?
-5
Let p(h) be the second derivative of -h**5/60 + h**4/24 + h**3/3 - 5*h**2 + 115*h. Let x(n) be the first derivative of p(n). What is x(0)?
2
Suppose 69 - 44 = -5*s, -13 = -2*w + 5*s. Let b(y) = y**2 + 9*y + 14. What is b(w)?
-4
Let u(a) be the third derivative of -a**5/30 - a**4/3 - 2*a**3 - 1452*a**2 - a. What is u(-5)?
-22
Let y(s) be the first derivative of -s**3/3 - s**2/2 - 701. Determine y(-1).
0
Let v(w) = 13*w**2 + 193474*w**3 - 193473*w**3 - 27*w**2 - 14 + 14*w. Let n be (-106)/(-8) - (-1)/(-4). Give v(n).
-1
Let q(o) = 11*o + 5. Let i(d) = 4*d - 139. Let p be i(34). Let b(g) = 0*g - 2 - 8*g + 4*g. Let n(x) = p*q(x) - 8*b(x). Determine n(-3).
4
Let l = 145 + -128. Suppose -55 = -l*c - 21. Let n(s) be the third derivative of s**6/60 - s**5/20 + s**4/12 + s**3/3 + s**2. Determine n(c).
10
Let l(y) = 4*y + 5. Suppose 59 = 5*b - 21. Let r be (-462)/112 + 2/b. Give l(r).
-11
Let i(y) be the first derivative of y - 16. Let b(v) = -v - 2. Let n(h) = -2*b(h) - 3*i(h). What is n(-1)?
-1
Suppose -29*x + 35 - 31 + 54 = 0. Let h(i) be the first derivative of 2*i + 12 + i**x - 1/3*i**3. What is h(2)?
2
Let g(z) = -5*z + 4928*z**3 - 3*z**2 - 14 - 9855*z**3 + 4925*z**3. What is g(-4)?
86
Let p(x) = -x**3 + 5*x**2 + 7*x - 6. Let j(v) = v**2 + v. Let u(s) = -2*s**2 - 2*s**2 - 60*s + 62*s. Let h(r) = -2*j(r) - u(r). Let l be h(3). Calculate p(l).
0
Let k(u) = -2*u**2 + 2*u + 371. Let h = 5766 - 5752. Determine k(h).
7
Let u(g) = -61*g**3 + g - 1. Let j = -4396 + 4397. Give u(j).
-61
Let w = -291 + 348. Suppose 5*a = -2*m + w, m = 5*a - 0*m - 69. Let c(b) = b**3 - 14*b**2 + 15*b - 30. What is c(a)?
-4
Let q(d) = d**3 - 4*d**2 - 2*d + 1. Let h(y) = 2*y + 11. Let m = 66 + -71. Let w be h(m). Let j be (2 - (-3)/w)*1. Give q(j).
16
Let f(s) = 1480*s**2 - 1 + 2*s - 1483*s**2 - 3*s + 0*s. Let n be (-13 - -11)*(-6)/4. Determine f(n).
-31
Suppose -72*u - 110 = -77*u + 5*r, -3*r = 5*u - 62. Let o(m) = 7*m - 103. Determine o(u).
9
Let g(h) = -h**2 - 26*h - 101. Let x(s) = 2*s**2 + 2*s - 317. Let r be x(12). Calculate g(r).
4
Let x(p) = -13*p**2 - 15*p**2 + 42*p**2 - 10*p**2 + 3 - 5*p**2. What is x(2)?
-1
Suppose -5*i + 51 = 6. Let v(r) be the first derivative of r**2 + 4*r + 27. What is v(i)?
22
Let b be (1/2)/(8 + 756/(-96)). Let h(q) = q**2 + 3*q - 5. What is h(b)?
23
Let x(r) = -r - 15. Let i be 6 + (-15)/(-3)*16. Suppose 68 = 3*s + i. What is x(s)?
-9
Suppose 2*o + 5*x = 98, -3*x - 5 = 2*o - 95. Let d(t) = 15 + 5*t**2 + 19 + 4*t - o + t**3. Calculate d(-4).
-5
Suppose 0 = 9*f + 167 - 185. Let n(r) = 7 - 2*r - 87*r**f + 29*r**2 + 56*r**2. Give n(-3).
-5
Let o(p) = -2*p**2 + 4*p - 5. Let u be ((-45)/20 - -3)/(2/(-1192)). Let v = 451 + u. Calculate o(v).
-21
Let h(o) = 6*o - 4. Let n(s) = -4 + 23 + 22*s**2 - 23*s**2 + 10 + 0*s + 4*s. Let z be n(-4). Calculate h(z).
-22
Let k(h) = -7*h - 46. Let q = 426 - 433. Calculate k(q).
3
Let f(c) be the first derivative of c**3/3 - 5*c**2/2 + 2*c + 6. Suppose 8*u + 16 = 40. What is f(u)?
-4
Let v(d) = -13*d**3 - 5*d**2 + d + 19. Let s(a) = -29*a**3 - 11*a**2 + 2*a + 40. Let y(c) = -4*s(c) + 9*v(c). Determine y(0).
11
Let m(t) = -24 + 8*t + 100*t**3 - 294*t**3 + 193*t**3 + 3*t**2. Calculate m(4).
-8
Suppose -12*r - 48 = -24*r. Let i(o) = -o**2 - 3*o - 5 - 5*o + 15*o - r*o. Let q(h) = -h**3 + 3*h**2 - h + 2. Let n be q(2). What is i(n)?
-9
Let c(t) = t**3 - 10*t**2 - 5. Let r(u) = 2*u**3 - 20*u**2 - 9. Let q(s) = 5*c(s) - 3*r(s). Calculate q(10).
2
Let c be (3 - 9) + 35/(105/18). Let s(a) = -a**2 - 7. What is s(c)?
-7
Let s(h) = 18 + 154*h - 481*h + 165*h + 164*h. Let d = 19 + -31. Give s(d).
-6
Let i(s) = 4*s + 21. Let y be 10/35 + (-10)/(-35)*(-51)/2. Give i(y).
-7
Let s(g) = 2*g**2 - g. Let h(x) = x**3 + 3*x**2 - 8*x + 1. Let c(f) = -h(f) + s(f). Let j be (-5)/15 - 8/3. Calculate c(j).
-4
Let k = -45680 - -45704. Let n(i) = 21*i - 498. Determine n(k).
6
Let t(i) = 10*i**2 + 25*i - 19. Let o(q) = 7*q**2 + 18*q - 13. Let g(x) = 7*o(x) - 5*t(x). Suppose -6*c + 15 = -c. Give g(c).
-2
Let a = -5869 - -5867. Let m(j) = j**2 + 8*j + 16. Give m(a).
4
Let v(b) be the first derivative of 3*b**2 + 4*b + 46. Give v(7).
46
Let f(t) = 14*t + 3. Suppose 2*k = 10, 5*g - 19 = k - 49. Let q(h) = 3*h - 1. Let u(d) = g*q(d) + f(d). Calculate u(11).
-3
Let w(p) = p - 4. Let q(a) = -2*a**2 + a - 32. Let b be q(8). Let m = 162 + b. Determine w(m).
6
Let r be 3 - (-2)/(2*4/(-16)). Let v(i) = -2 - 2194*i**2 + 2224*i**2 + 2. Determine v(r).
30
Suppose 1 = -4*b - y - 20, 0 = -b + 6*y - 24. Let h(d) = d**2 + 5*d + 4. Calculate h(b).
10
Let b(j) = -j**2 - j - 14. Let v(f) = -f**2 - 2*f - 13. Let p(z) = -6*b(z) + 7*v(z). Let c = -10717 + 10715. Calculate p(c).
5
Let o(i) = -i - 6*i + 2 + 2*i. Let f(u) = -4*u + 39. Suppose 2*z - 3*j = -8*j + 23, 40 = 5*z - 5*j. Let h be f(z). What is o(h)?
-13
Let o(m) be the third derivative of 7*m**5/60 - m**4/12 - m**3/2 - 16*m**2 + 2*m. Let u(j) = 19*j**2 - 6*j - 8. Let k(a) = 8*o(a) - 3*u(a). Determine k(2).
0
Let w = -50 - 85. Let a = -138 - w. Let k(r) = 5*r**3 + 7*r**2 - r + 1. Let n(c) = 4*c**3 + 6*c**2 - c. Let j(t) = -3*k(t) + 4*n(t). Calculate j(a).
0
Suppose 2*m = 4*j, 0 = -3*m - 2*j - 0*j + 16. Let z(o) be the second derivative of -o**3 - 3*o**2/2 - 2*o - 11841. Determine z(m).
-27
Suppose 0 = 9*u - 10 - 17. Let r(f) = -704 + 697 - 12*f + 0*f**u - 12*f**2 - f**3. What is r(-11)?
4
Let h be ((-24)/(-16))/(23/(-322)). Let f(d) = -d - 16. What is f(h)?
5
Let h = -411 + 407. Let g(a) be the first derivative of a**4/4 + 4*a**3/3 - a + 42. What is g(h)?
-1
Suppose 0*i - 380 = -14*i - 128. Let q(c) = -c**3 + 18*c**2 - 2*c + 25. Determine q(i).
-11
Let p(k) = -2 + 7 - 1 - 6*k + 4*k - 3. Let c = 8 + -5. Suppose 5*v - c*v = -4. Determine p(v).
5
Let i(o) = -132*o**2 - 36*o + 53. Let h(f) = 79*f**2 + 18*f - 26. Let j(w) = -5*h(w) - 3*i(w). Determine j(-16).
-61
Let m(n) = -15*n - 2*n**2 - 18 + 36*n + 4*n**2. Suppose 57*r + 565 = 65 - 127. Let g be m(r). Let h(i) = i**2 + 7*i - 7. Calculate h(g).
-7
Suppose 3*a - 5*n + 5 = -2*a, 5*a - 3 = n. Let m(o) be the first derivative of o**3/3 - o**2/2 + o + 237. What is m(a)?
1
Let q(t) = -5*t**2 - 17*t + 5. Let c(u) = 17*u**2 + 56*u - 15. Let k(r) = -2*c(r) - 7*q(r). Determine k(3).
25
Let c be (4/(2*-10))/((-2)/70). Let h(w) be the second derivative of 7/6*w**3 + 0 - 1/12*w**4 + 9/2*w**2 + 2*w. Determine h(c).
9
Let a(f) = f**3 + 8*f**2 + f + 3. Suppose -g + 4228 = 13*g. Let s = 294 - g. What is a(s)?
-5
Suppose -88*x + 85*x + 6 = q, x - 15 = 4*q. Let a(y) = -2*y**2 + 111*y + 347. Give a(q).
-4
Let s(c) = 10*c**3 - 7*c. Let v be s(-1). Let h(j) = -10 + 1 + 28*j + 2. Let p(m) = -9*m + 2. Let q(n) = -2*h(n) - 7*p(n). Calculate q(v).
-21
Let r(k) = -232*k + 23 + 236*k - 219. Calculate r(48).
-4
Let q(r) be the first derivative of -2*r**2 + 28*r + 2755. Determine q(0).
28
Let m = -1 - -1. Suppose 4*b - 31 - 17 = m. Let l(o) = -2*o + 17. Let g be l(b). Let y(w) = w + 8. Give y(g).
1
Let v(f) = -f - 2. Let x(h) = -2*h - 15. Let n be x(-9). Suppose 3 = u - 0, -81 = -n*w - 3*u. Suppose -6*o + 12*o + w = 0. Calculate v(o).
2
Let f(w) = w. Let x = 6 + -3. Let m be -53*1/(-7) + 8*(-63)/(-1176). Suppose -x*j = -4*d - m*j - 20, -20 = 4*d - 5*j. Determine f(d).
-5
Let f(m) be the third derivative of -m**8/6720 - m**7/630 - m**6/360 + m**5/24 - 71*m**4/24 + m**2 + 2*m. Let h(u) be the second derivative of f(u). Give h(-4).
13
Let l(o) = o - 3. Let r(u) = -u**3 + u**2 + 3*u + 10. Suppose -5*v = -61 - 44. Suppose -17*a = -v*a. Let j be r(a). Calculate l(j).
7
Let z(y) be the third derivative of y**6/120 - y**5/10 + y**4/24 + 5*y**3/6 - 17*y**2. Suppose 0 = 5*s + r - 16, 4 = -5*s + 10*s + 4*r. Determine z(s).
-23
Let p = 56 - 40. Suppose -7*s - s = -p. Let f(d) = 3 - d + 68*d**2 - 71*d**2 + d**3 - 3. Determine f(s).
-6
Let j(n) = -2*n - 34. Let w be j(-14). Let t(h) = -8*h - 12. Calculate t(w).
36
Let o(h) = 249*h + 188. Let i be o(-1). Let b(c) = 6*c + 369. What is b(i)?
3
Let a(k) = -2*k + 4*k**2 + 10 + k - k**3 + 4*k**2. Suppose 0 = 3*p - 15, -t + 4*t = -2*p - 26. Let r = t + 20. Calculate a(r).
2
Suppose -56*v = 117*v + 11*v - 1104. Let b(t) = t**3 - 4*t**2 - 15*t + 8. Calculate b(v).
-10
Let s(x) = -141*x**2 + 8*x + 22. Let h(b) = -2